ue
Does 78 divide 121726332?
True
Is 313191670 a multiple of 1049?
False
Is 374119284 a multiple of 27?
False
Does 98 divide 6685127?
False
Is 16 a factor of 1412757120?
True
Does 1341 divide 63005515?
False
Does 117 divide 60949044?
True
Does 6664 divide 844899231?
False
Is 21 a factor of 737529471?
True
Is 23887538 even?
True
Does 5408 divide 2062070400?
True
Is 49 a factor of 730460395?
True
Is 54 a factor of 393066?
True
Is 15 a factor of 605264575?
False
Does 399 divide 94243401?
True
Does 1541 divide 36990164?
True
Is 14 a factor of 483860819?
False
Is 149651964 a multiple of 231?
True
Does 5416 divide 2231337840?
True
Is 270108391 a multiple of 1821?
False
Does 57 divide 682135324?
False
Is 34 a factor of 305088579?
False
Does 124 divide 6471064?
True
Does 9 divide 9748842?
False
Is 8690248 a multiple of 8?
True
Does 36 divide 5966770?
False
Is 69079904 a multiple of 83?
True
Does 41 divide 605647410?
False
Is 113760911 a multiple of 2?
False
Does 82 divide 6028649?
False
Is 437 a factor of 8103728?
True
Is 70175938 a multiple of 226?
True
Is 735260013 a multiple of 17?
True
Does 7260 divide 1382649695?
False
Does 36 divide 281905992?
True
Is 355 a factor of 11573609?
False
Is 371 a factor of 344416159?
False
Is 113400467 a multiple of 46?
False
Does 36 divide 800622783?
False
Is 42 a factor of 3867948?
True
Does 2 divide 14014625?
False
Is 26141420 a multiple of 20?
True
Is 61793016 a multiple of 43?
False
Is 538 a factor of 7368986?
True
Does 1837 divide 39126263?
True
Is 900049794 a multiple of 246?
True
Does 879 divide 55632654?
False
Is 6273828 a multiple of 807?
False
Is 8775948 a multiple of 183?
True
Does 168 divide 1417469928?
True
Does 2380 divide 776603521?
False
Is 17 a factor of 130019531?
False
Is 3 a factor of 4932837?
True
Is 7707558 a multiple of 2?
True
Is 20 a factor of 24366878?
False
Does 78 divide 126127933?
False
Is 9600666 a multiple of 465?
False
Does 268 divide 307515796?
True
Does 822 divide 1013013072?
True
Is 15 a factor of 13654215?
True
Is 277029586 a multiple of 17?
True
Does 311 divide 336673361?
True
Does 4 divide 2171273?
False
Is 26393328 a multiple of 18?
True
Is 721 a factor of 29245202?
True
Is 40305631 a multiple of 251?
False
Is 337713644 a multiple of 180?
False
Does 149 divide 536367011?
False
Is 6269 a factor of 6825553?
False
Does 10 divide 9515200?
True
Does 960 divide 31476480?
True
Does 608 divide 90889622?
False
Does 60 divide 78206100?
True
Is 16545964 a multiple of 3?
False
Is 39 a factor of 75812968?
False
Is 38238431 a multiple of 443?
True
Is 41 a factor of 126818875?
False
Is 342 a factor of 1279764?
True
Is 38954538 a multiple of 21?
True
Does 2945 divide 3126273585?
True
Is 40198582 a multiple of 177?
False
Does 306 divide 98047602?
True
Does 10 divide 53842877?
False
Is 12786891 a multiple of 39?
True
Does 522 divide 1333816662?
False
Is 355 a factor of 191797625?
True
Does 46 divide 198585180?
False
Does 49 divide 346308970?
True
Is 3200343993 a multiple of 2387?
True
Is 144 a factor of 46834992?
True
Is 290187282 a multiple of 77?
True
Is 77 a factor of 976824150?
False
Is 27 a factor of 45224688?
False
Is 53142219 a multiple of 507?
True
Is 3684 a factor of 1902620220?
True
Does 31 divide 24340425?
True
Is 476484257 a multiple of 53?
True
Is 66856010 a multiple of 130?
True
Is 1634 a factor of 29008402?
True
Does 63 divide 27674892?
True
Does 20 divide 9521000?
True
Does 13 divide 693111000?
False
Is 9564475 a multiple of 5?
True
Is 22 a factor of 4672030?
True
Is 462 a factor of 2479856148?
True
Does 79 divide 10049985?
True
Is 3913684544 a multiple of 1448?
False
Is 2 a factor of 27640591?
False
Is 4958118 a multiple of 54?
True
Is 15161763 a multiple of 53?
True
Does 41 divide 1508124043?
False
Is 487799745 a multiple of 17?
False
Is 6 a factor of 21285696?
True
Does 1343 divide 129895076?
False
Is 7112165 a multiple of 4?
False
Is 185553189 a multiple of 2849?
False
Does 91 divide 249617277?
True
Does 5576 divide 1315957345?
False
Is 48559546 a multiple of 5?
False
Does 14 divide 928613154?
True
Does 7 divide 280990357?
False
Does 10 divide 29633284?
False
Is 9477029 a multiple of 19?
True
Is 40 a factor of 91299713?
False
Is 8 a factor of 641637736?
True
Is 24243039 a multiple of 9?
True
Is 8186257 a multiple of 23?
False
Does 550 divide 68109250?
True
Does 752 divide 235430896?
True
Does 1169 divide 49475587?
True
Is 11507958 a multiple of 138?
True
Is 1002 a factor of 27224340?
True
Does 14 divide 4433433?
False
Is 48790469 a multiple of 894?
False
Is 1956695459 a multiple of 9?
False
Does 3272 divide 16319062?
False
Is 126 a factor of 579167064?
True
Is 9991542 a multiple of 282?
True
Is 84242988 a multiple of 47?
True
Does 32 divide 1053774?
False
Is 68 a factor of 24798740?
False
Is 144697338 a multiple of 18?
True
Is 123 a factor of 177850656?
False
Does 52 divide 527543328?
True
Does 29 divide 1711087203?
True
Does 30 divide 795616940?
False
Is 2543 a factor of 186152744?
False
Is 159288201 a multiple of 268?
False
Is 21 a factor of 672731766?
True
Is 1572443520 a multiple of 32?
True
Is 261 a factor of 270759013?
False
Does 13 divide 1136754?
False
Does 8 divide 12849433?
False
Is 62151624 a multiple of 216?
True
Is 44 a factor of 173586160?
True
Is 48 a factor of 63317832?
False
Does 13 divide 7722835342?
False
Is 1989 a factor of 313713036?
True
Is 19635674 a multiple of 107?
False
Is 123910856 a multiple of 2419?
True
Is 1377341451 a multiple of 733?
True
Does 377 divide 354699962?
False
Is 28 a factor of 22601937?
False
Is 253 a factor of 10034233?
True
Is 35350920 a multiple of 632?
True
Does 1694 divide 159297215?
False
Is 6 a factor of 675187136?
False
Does 104 divide 23225384?
True
Is 8178266 a multiple of 133?
False
Does 50 divide 2253128488?
False
Does 35 divide 4102665?
True
Does 19 divide 1136209348?
True
Is 16977065 a multiple of 8?
False
Does 1269 divide 160522155?
True
Is 55469449 a multiple of 199?
False
Does 440 divide 3067543?
False
Is 15 a factor of 14533225?
False
Is 105741270 a multiple of 18?
True
Does 2101 divide 97079801?
False
Is 50 a factor of 1840832489?
False
Is 12149520 a multiple of 138?
True
Is 21029314 a multiple of 38?
True
Does 3528 divide 148827622?
False
Is 13 a factor of 203557094?
True
Does 8 divide 158330383?
False
Is 529 a factor of 31926737?
True
Is 430 a factor of 2036108050?
True
Is 50280860 a multiple of 14?
True
Is 12218474 a multiple of 418?
False
Is 48451491 a multiple of 11?
True
Does 40 divide 1179973000?
True
Is 152228434 a multiple of 14?
False
Is 8 a factor of 495944900?
False
Is 19781575 a multiple of 14?
False
Is 97 a factor of 84381514?
False
Does 178 divide 824632444?
False
Is 17316944 a multiple of 56?
False
Does 73 divide 2435448449?
False
Is 876 a factor of 6519931?
False
Does 20 divide 90182200?
True
Does 228 divide 243229770?
False
Is 14362094 a multiple of 1229?
True
Is 449 a factor of 251571108?
True
Is 31 a factor of 35595316?
True
Is 26952816 a multiple of 24?
True
Does 168 divide 105409584?
True
Is 3783 a factor of 581310912?
True
Is 5539469844 a multiple of 25?
False
Is 50 a factor of 5546250?
True
Is 348962785 a multiple of 5?
True
Is 125301631 a multiple of 51?
False
Is 606827224 a multiple of 7?
False
Does 3320 divide 16798896?
False
Is 4087777956 a multiple of 761?
False
Does 233 divide 14663622?
True
Is 79 a factor of 725931341?
False
Is 23 a factor of 63592802?
False
Is 8936 a factor of 3255116720?
True
Does 11 divide 307290925?
False
Is 16 a factor of 57446853?
False
Is 2296828900 a multiple of 3233?
False
Is 63503587 even?
False
Does 390 divide 1562414213?
False
Is 623910912 a multiple of 1437?
True
Is 73769090 a multiple of 156?
False
Does 1237 divide 72176995?
False
Is 28863612 a multiple of 2?
True
Is 10 a factor of 2119699559?
False
Is 20 a factor of 2505301287?
False
Is 10727113 a multiple of 4?
False
Does 13 divide 6700917?
False
Is 155177236 a multiple of 77?
False
Is 4228444553 a multiple of 4207?
False
Is 4799 a factor of 50835807?
True
Is 114372087 a multiple of 9?
False
Is 4859 a factor of 1762543942?
True
Does 248 divide 701315480?
True
Is 99 a factor of 274421961?
True
Does 13 divide 67452125?
True
Is 1222 a factor of 19719414?
True
Is 17762784 a multiple of 1677?
True
Doe